y w.
2
Let o be 549/15 + (-2)/(-5). Suppose 5*r + 4*z = o, 2*z - 6*z = -r + 17. Calculate the remainder when 32 is divided by r.
5
Let h = -38 + 51. What is the remainder when 51 is divided by h?
12
Let f(b) = b - 15. Let i be f(8). Let o = i + 18. Calculate the remainder when 43 is divided by o.
10
Suppose -12*p + 9*p + 87 = 0. What is the remainder when p is divided by 4?
1
Let l = 15 + -12. Suppose 217 = l*k + 76. Let g(i) = -i**3 + 6*i**2 + 2*i + 4. Calculate the remainder when k is divided by g(6).
15
Suppose 13 = 3*u + 1, 5 = g - u. Calculate the remainder when 44 is divided by g.
8
Let f(q) = -q**2 + 6*q + 3. Let p be f(5). Let r(j) = -j**2 + 10*j - 3. Calculate the remainder when r(p) is divided by 5.
3
Suppose 12 = 3*w - 0. Suppose -2*t = o - 6, -w*o + 3*t = -9*o + 16. Calculate the remainder when o is divided by 2.
0
What is the remainder when 121 is divided by -4*((-180)/16 - -1)?
39
Suppose -8 = -4*r + 12. Suppose -3*v = -3*i - 12, -v - 4 = -0*v - r*i. Let z(a) = a**2 + a + 1. What is the remainder when z(-5) is divided by v?
3
Let p(b) = b**2 - b + 3. Let i be p(0). Let h(k) = -5*k + 2*k - 1 + k - 28*k**i. Calculate the remainder when h(-1) is divided by 10.
9
Let m = 3 + 14. What is the remainder when 28 is divided by m?
11
Let b = 100 - 94. What is the remainder when b is divided by 3?
0
Calculate the remainder when 30 is divided by (15/(-10))/((-15)/80).
6
Let o(j) = -4*j + 1. Let x be (4/3)/((-6)/(-36)). Suppose -z + 5 + x = 0. What is the remainder when z is divided by o(-1)?
3
Let d be (-1)/(-1) - (2 - 5). Suppose -d*y + 7*h - 8 = 3*h, 0 = 5*y + 4*h + 1. What is the remainder when 1 is divided by (y + 3)/(3 + -1)?
0
Let n be 4/6 - 3/(-9). Let d = 8 + n. What is the remainder when 35 is divided by d?
8
Suppose -2*f + 5*q + 140 = 0, -q + 280 = 5*f + 4*q. Calculate the remainder when f is divided by 17.
9
Let j = 1 - 4. Let t = 4 + j. Calculate the remainder when 1 is divided by t.
0
Let l(q) = q - 2. Let s be 124/10 + (-2)/5. What is the remainder when 39 is divided by l(s)?
9
Calculate the remainder when 0 + (-2 - (-116 - -5)) is divided by 19.
14
Let j(b) = -b**2 + 0 + 2*b**2 + 0. Let v be j(-3). Suppose -2*t + 45 = v. What is the remainder when 34 is divided by t?
16
Let r(b) = b**3 + 12*b**2 - b - 1. What is the remainder when r(-12) is divided by 3?
2
Suppose -2*m + 62 = -2*k, m + 3*k + 67 = 3*m. What is the remainder when m is divided by 4?
2
Let u be (2*6)/(18/24). Suppose -5*c + c = -u. Suppose c*q - 3*i + 0*i = 32, 32 = 4*q + 5*i. What is the remainder when 15 is divided by q?
7
Let h(v) = 7 - 5 + 2 + v + 12. What is the remainder when 31 is divided by h(0)?
15
Suppose 4*i - 89 = 3*u, -2*i + u - 3 + 48 = 0. What is the remainder when (-2)/(-5) - (-218)/5 is divided by i?
21
Let s(a) = -2*a**2 - 21*a + 16. Calculate the remainder when 19 is divided by s(-11).
4
Let q = 12 + -8. Let t be (6/(-4))/((-3)/116). Suppose -x - q*f + 48 = x, -t = -2*x + f. Calculate the remainder when x is divided by 15.
13
Let q = 75 + -24. What is the remainder when q is divided by 14?
9
What is the remainder when (-3)/(0 + 3)*-45 + -2 is divided by 16?
11
Suppose k = -2*z - 2*k + 10, -6 = 2*z - k. Calculate the remainder when 0 + 74 + 2 + z is divided by 19.
18
Let w(q) = 60 - 4*q + 9*q - 6*q. Let r be w(0). Suppose 2*l + r = 7*l. Calculate the remainder when l is divided by 5.
2
Suppose 3*f - 4*a = 114, 0 = -4*a - 0*a. Let w(n) = 4*n + 7. Let q(u) = 5*u + 8. Let s(z) = -3*q(z) + 4*w(z). What is the remainder when f is divided by s(6)?
8
What is the remainder when ((-10)/15)/(4/(-186)) is divided by 17?
14
Suppose -2*s + 0*s = 2*k - 4, s + 2*k - 2 = 0. Let o be 0 - s - 2*-32. Suppose o = 5*b - 128. Calculate the remainder when b is divided by 13.
12
Suppose 0*t = 2*r - 3*t - 39, t = 3*r - 62. Calculate the remainder when r is divided by 6.
3
Let y(g) = 5*g**2 - 2*g - 1. Let v(f) = -f**3 - f**2 - f - 2. Suppose -4 - 6 = 5*t. What is the remainder when y(2) is divided by v(t)?
3
Suppose -9 = 6*u - 63. Let v(d) = 5*d. What is the remainder when v(u) is divided by 23?
22
Let q(n) = n**2 - n - 1. Let l be q(3). Suppose f - 3 + 2 = 0, -103 = l*x + 2*f. Let c = 8 - x. Calculate the remainder when c is divided by 10.
9
Suppose -3*c + 10 = -v, -3*c + 5 = -0*v - 2*v. Let p(b) = -3*b + 4*b + c*b - 5. What is the remainder when p(6) is divided by 11?
9
Suppose -8 + 40 = t. Suppose 0 = 5*i - 4*u - 56, 5*i - 4*u = 2*i + t. What is the remainder when i is divided by 7?
5
Suppose -10*b + 66 = -204. What is the remainder when 105 is divided by b?
24
Let o = -13 - -5. Let p(v) = v**3 + 8*v**2 - 4*v + 6. What is the remainder when p(o) is divided by 20?
18
Suppose -o + 6*l = 3*l - 15, 3*l + 9 = 0. Calculate the remainder when 9 is divided by o.
3
Let j(h) = -h**2 + 6*h + 4. Let c be j(9). Let w = c + 40. What is the remainder when 49 is divided by w?
15
Let k(v) = 3*v**2 + 3*v + 4. Calculate the remainder when 17 is divided by k(-1).
1
Suppose 0 = 4*b + 3 - 23. Suppose -4*o = -2*r - 112, -140 = -b*o - r - 4*r. Calculate the remainder when 54 is divided by o.
26
Let o(h) = h + 3. Suppose 3*s = -200 + 212. Calculate the remainder when s is divided by o(0).
1
Suppose 34 = -2*o + 4*o. Calculate the remainder when 82 is divided by o.
14
Suppose 0 = x + 4*x - 40. Calculate the remainder when 14 is divided by x.
6
Suppose 0 = -6*j + 4*j - 38. Let t = 1 - j. Calculate the remainder when t is divided by 11.
9
Let a(o) = -2*o**3 + 10*o**2 + 3*o + 6. Calculate the remainder when a(5) is divided by 6.
3
Suppose 107 = 3*s + 4*w, 8*s + 5*w - 180 = 3*s. Calculate the remainder when s is divided by 8.
5
Let l(y) = -y**3 + 7*y**2 + 8*y + 4. Suppose i - 5*b - 20 = 0, -2*b + 60 + 34 = 3*i. Suppose 2*a = -a + i. Calculate the remainder when a is divided by l(8).
2
Calculate the remainder when 39 is divided by (48/18)/(((-8)/15)/(-4)).
19
Let y = -7 - -15. What is the remainder when 4/(y/170) - 2 is divided by 28?
27
Let h be 1/(-2 + 140/72). Let l = h - -27. Calculate the remainder when 17 is divided by l.
8
What is the remainder when 48 is divided by (-8)/(-4)*(-34)/(-4)?
14
Suppose 0*c = -5*b + 5*c + 80, -5*b - 3*c + 56 = 0. Let y = b - -3. Calculate the remainder when 28 is divided by y.
12
Suppose 4*w + r - 307 = 0, 0*w + 2*w - 155 = -r. What is the remainder when w is divided by 26?
24
Suppose 4 = 2*v - 8. Calculate the remainder when 3/(-7) - 2472/(-84) is divided by v.
5
Let b(w) = 40*w**2 - 2*w - 1. Let g be (-2 + 0 + 3)*0. Calculate the remainder when b(-1) is divided by 14 - g/(2/2).
13
Let k(c) = -c**3 + 5*c**2 - 2*c + 6. Calculate the remainder when 24 is divided by k(4).
10
Let h = 115 + -82. Suppose -36 = 2*g - 4*g. Calculate the remainder when h is divided by g.
15
Let v = 2 - -1. Suppose 5*y = -4*k + 55, 3*k + v*y - 50 + 5 = 0. Calculate the remainder when k is divided by 6.
2
Let g(w) = 2*w**3 - 6*w**2 - 4*w. Let f be g(5). Suppose u = -u + f. Suppose k = 3*k - 2*p - u, 0 = 3*p + 9. Calculate the remainder when k is divided by 6.
5
Suppose -5*j + 7*r = 4*r - 195, -j = 5*r - 39. Calculate the remainder when j is divided by 21.
18
Suppose -6*q + 2*q = -64. Suppose d - 3*d - 310 = -4*g, 3 = 3*d. Calculate the remainder when g is divided by q.
14
Let r = 134 - 96. Suppose -2*x + r = -6. Calculate the remainder when x is divided by 6.
4
Suppose 34 - 4 = 2*h - 2*r, 5*h = -5*r + 105. What is the remainder when h is divided by 10?
8
Suppose 0*u - 108 = -3*u. What is the remainder when u is divided by 16?
4
Let s be (4/(-12))/(2/(-24)). Suppose 129 = 5*l - 4*h - 286, -3*l + s*h + 241 = 0. Suppose -4*p = -1 - l. What is the remainder when p is divided by 8?
6
Suppose 0 = -4*z + 92 + 60. Suppose 0 = 3*m + m - 52. Calculate the remainder when z is divided by m.
12
Suppose -d - 70 = -3*y, 4*y + 31 = 2*d + 125. Calculate the remainder when 43 is divided by y.
20
Let a(b) = -b**3 - 8*b**2 - 8. Let q = -20 + 11. Calculate the remainder when a(q) is divided by 19.
16
Calculate the remainder when (201/(-6))/(1/(-2)) is divided by 14.
11
What is the remainder when (-4)/(-6) - 7/(-3) is divided by 2?
1
Suppose -3*m - 65 = 2*m. What is the remainder when 46 is divided by (m + 7)/(1/(-2))?
10
Let i be ((-4)/5)/(4/(-10)). Suppose -r + i = -12. Calculate the remainder when (102 - 